= 4*n**2 + 25*n - 4. What is the units digit of j(-17)?
7
Let a be -3 - (54/(-3))/3. Suppose -5*n - a*q = 27, -2*q = -3*n + 3*q - 23. Let z = n + 19. What is the tens digit of z?
1
Suppose -5*d = 4*f - 0*f - 12, -3*d = 0. Suppose -471 = -2*v + 2*y + 3*y, f*v = 2*y + 690. What is the units digit of v?
8
Let c(w) = -w**3 - w**2 - 18*w - 10. Let b be c(-7). Let i = -246 + b. What is the tens digit of i?
6
Let r(d) = -2 + 1 - 8*d**2 + 3 + 7 + d**3. Let i be (12/(-8))/((-3)/16). What is the units digit of r(i)?
9
Let i(y) = 6*y - 30. Let f(g) = -4*g + 20. Let s(w) = 8*f(w) + 5*i(w). Let z be s(6). What is the units digit of 39/(-6)*1*z?
3
Let r(z) be the second derivative of -z**3/6 + 7*z**2/2 + 11*z. Let q be r(7). Suppose -3*w = q, w + 70 = 5*x + 4*w. What is the tens digit of x?
1
Let u(k) be the first derivative of k**3/3 - 3*k**2/2 - 4*k + 11. What is the units digit of u(-5)?
6
Let a = -289 + 825. What is the tens digit of a?
3
Suppose 5*y - 154 = 4*k, -4*y - 5*k = -3*k - 118. What is the units digit of y?
0
Let f(i) = -2*i + 4. Let s(o) = -o + 2. Let b(g) = 6*f(g) - 14*s(g). What is the units digit of b(9)?
4
Let h be 98/21 + (140/12)/(-7). Let b be (1 + 0)/((-2)/(-22)). Suppose -b + 101 = h*n. What is the tens digit of n?
3
Suppose -3*d + 5*x + 30 = 0, -4*d + 18 = -3*x - 11. Suppose d*t - 100 = t. Suppose -4*k + t = -7. What is the units digit of k?
8
Suppose -f - 2*s = 2*f - 5815, 0 = -4*f + 4*s + 7740. What is the tens digit of f?
3
Suppose 313 = t + 5*l, 5*l + 6 - 1 = 0. Suppose -2*q = 4*q - t. What is the tens digit of q?
5
Suppose 17*u - 4 = 19*u. What is the tens digit of (u/9*3)/(10/(-1185))?
7
Let h(j) be the first derivative of 7*j**2 + 3*j + 1. Let v be h(-3). What is the tens digit of (1 + 3 - v) + 2?
4
Suppose u = -2*l + 348, 10*l - 6 = 7*l. What is the hundreds digit of u?
3
Suppose 6*s + s - 63 = 0. Suppose -4*m - 144 = -s*m - 4*z, -2*m + 58 = 2*z. What is the tens digit of m?
2
Let i(q) be the second derivative of -q**4/8 - 7*q**3/3 + q**2 + 3*q. Let w(z) be the first derivative of i(z). What is the units digit of w(-6)?
4
Let a be (-3 - (-5 + 0))*-236. What is the tens digit of 2/12 + a/(-48)?
1
Let g = -43 + 94. Let n = g - 27. What is the tens digit of n?
2
Suppose 2*d + 383 = 479. What is the units digit of d?
8
Suppose -9 = -5*r + 1. Suppose 3*w + r*w - 715 = 0. What is the hundreds digit of w?
1
Suppose -5*g + 66 = 3*p, -g + 0*g - 84 = -3*p. Let c = 29 - p. Suppose h - c*k + 293 = 6*h, -h + 2*k + 49 = 0. What is the units digit of h?
7
Suppose 0 = -5*a + 6*q - 2*q + 50, -10 = -a + 5*q. Let p = -3 + a. Let k = p - 5. What is the units digit of k?
2
What is the hundreds digit of 391 + 4/(4/(-5))?
3
Suppose -77324 = 69*u - 82*u. What is the hundreds digit of u?
9
Let y(g) = -4*g + 7 - 1 - 4. Let n(q) = -3*q - 14. Let h be n(-3). What is the units digit of y(h)?
2
Suppose -17*h + 5*h = -6204. What is the units digit of h?
7
Let d be 1/1*(5 - 0). Suppose -3*t + d*t - 74 = 0. What is the units digit of t?
7
Let q(h) = -h**3 - 5*h**2 - 5*h. Let i be q(-4). Suppose -3*j - 1 = -2*t, 0*t + 10 = i*j + 3*t. What is the units digit of (2 - j)*(-539)/(-11)?
9
Suppose 0 = -w - y + 2*y + 314, -630 = -2*w + y. Suppose -5*i - w + 811 = 0. What is the units digit of i?
9
Suppose 57 = -5*j + 72. Suppose 0 = -3*m + 3*y - 4*y + 46, -56 = -j*m + y. What is the units digit of m?
7
Let o(t) = -t**3 + 39*t**2 - 62*t + 101. What is the tens digit of o(37)?
4
Suppose -u + 775 = 4*u. Suppose -3*i + 55 = -u. What is the tens digit of i?
7
Suppose -1 = o - 7. Let b(s) = 2*s**2 + 7*s - 13. What is the tens digit of b(o)?
0
Suppose 401 = 2*d + 229. What is the tens digit of d?
8
Let r be 6 + -8 + 5 + 57/1. Suppose -59*n + 64*n = r. What is the tens digit of n?
1
Let i(r) = r**3 - 40*r**2 + 68*r - 98. What is the units digit of i(40)?
2
Let p(i) = -716*i - 34. What is the hundreds digit of p(-2)?
3
Suppose -33 = 3*u + c, -4*u + 4*c = -c + 63. What is the tens digit of 175/4 + u/(-48)?
4
Suppose f - 3*q - 36 = -0*f, -2*q - 37 = -f. Let m be (16 - 16) + (-1 - f). Let w = 7 - m. What is the units digit of w?
7
Suppose -2 = 5*o + 18, 0 = -3*t + 4*o + 4060. What is the thousands digit of t?
1
Let j = 133 - 119. Suppose j*o = 12 + 30. What is the units digit of o?
3
Let s be (20 - 18) + (2 - -163). Let f = 348 - s. What is the tens digit of f?
8
Let g(b) be the third derivative of b**5/60 + b**4/3 - 4*b**3 - 3*b**2. What is the tens digit of g(-13)?
4
Suppose 5*k - 516 = 4*n, -125 - 561 = 5*n + 4*k. Let l = 204 + n. What is the units digit of l?
0
Let s = -5 - -3. What is the hundreds digit of 119 + (s - 1 - -5)?
1
Suppose -y + 5*y - 40 = 0. What is the units digit of (-5)/y*6 + 1 + 56?
4
Suppose 6*r = 3*r + 9. Suppose -r*k = -k - 4. Suppose -2*b + 0*w + 24 = 5*w, -k = -w. What is the units digit of b?
7
Let v = -2 - -15. Suppose 3*r - 2 = v, -2*m - r + 5 = 0. Suppose -2*l + 4*x + 34 = m, -2*x = 5*l - 5*x - 57. What is the units digit of l?
9
Suppose -14*g + 4728 = -3140. What is the hundreds digit of g?
5
Let r(d) = -734*d - 164. What is the units digit of r(-4)?
2
Suppose 3*o - o + y = 211, -o - 4*y = -102. Suppose -96 = -j - k, -j + 6*k + o = 2*k. What is the units digit of j?
8
Let o = 13 - 8. Suppose -o*n = -7*n. Suppose g = -n*y - 2*y + 28, 5*y = 3*g - 62. What is the tens digit of g?
2
Suppose -d - u + 1 = 0, 0 = -2*d - u - 1 + 4. Let x be ((-84)/35)/((-3)/(-40)) - -4. What is the units digit of 60/(-24)*x/d?
5
Let q(z) = -z**3 + 8*z**2 - 7*z. Let y = -1 + 17. Let p = y - 11. What is the units digit of q(p)?
0
Suppose x - 63*x = -33356. What is the tens digit of x?
3
Let k(c) = -3 - c**2 + 12*c**2 - 2*c**3 + 11*c - 18*c**2. What is the tens digit of k(-6)?
1
What is the tens digit of -2*1/2 - -366?
6
Let k = 21 - 13. Suppose -5*t = -w - k, -2 = w + 1. What is the units digit of t - (4 - 1) - -10?
8
Suppose -6 = -3*i - 3*q, -5*q = i - 4*i - 2. What is the tens digit of 7 - (2 + (i - 7))?
1
What is the hundreds digit of (-2 - (-20)/16) + (-26818)/(-88)?
3
Let i(o) = -o**2 - 17*o + 41. Let y be i(-19). What is the tens digit of 1 - -72 - (15/y + -7)?
7
Let s be 0 - 83/2 - 9/(-6). Let w = 100 - s. What is the hundreds digit of w?
1
Suppose -3*s = n - 413, 2*n + 213 = 2*s - 65. Let k = -97 + s. What is the tens digit of k?
4
Suppose 745*u = 738*u + 5810. What is the units digit of u?
0
Suppose 5*h = b - 825, 5*b - 3*b - 1674 = -2*h. Suppose 2484 = -3*l + 4*o, 0 = 2*l - l + o + b. What is the tens digit of 16/88 + l/(-22)?
3
Let y(b) = -b**3 + 2*b**2 + 3*b + 3. Let o be y(3). Suppose 5*k - o*l + l = 346, 5*k - l = 343. What is the tens digit of k?
6
Let a be -1 + 1/(-5)*0. Let q be (2 - (a + 4))*0. Suppose q = -5*t + 4*g + 15, -t + 3*g - 8 = -0*t. What is the units digit of t?
7
Let w = -15 - -15. Suppose w*j - 4 = -j. Suppose -j*s + 124 = -112. What is the tens digit of s?
5
Let o(r) = 454*r**2 - 3*r + 4. What is the units digit of o(1)?
5
Suppose 7 = -b - 31. Let a = -54 + b. Let g = -59 - a. What is the units digit of g?
3
Suppose -11*c = -27*c + 22816. What is the units digit of c?
6
Let x(m) = -8*m**3 + 16*m**2 - 12. Let u(h) = -3*h**3 + 5*h**2 - 4. Let k(g) = -11*u(g) + 4*x(g). Let z be k(-9). Let p = z + 6. What is the units digit of p?
2
Let k = 286 - 124. Suppose -168 = -5*g + k. What is the tens digit of g?
6
Let g = 3594 + -2257. What is the units digit of g?
7
Let n(p) = -p**3 + 7*p**2 - 4*p + 4. Let f be n(3). Let u = -23 + f. Suppose u*w - 3*w = 18. What is the units digit of w?
9
Suppose 2*k = -3*v + 5*v + 380, v - 3 = 0. Suppose 0 = -8*o + 39 + k. What is the tens digit of o?
2
Let t(a) = a**2 - 15*a - 9. Let p(c) = 7*c + 4. Let j(v) = 13*p(v) + 6*t(v). What is the tens digit of j(-2)?
2
Let p be ((-18)/(-45))/((-2)/(-20)). Let y = 23 - 10. Suppose -91 - y = -p*x. What is the tens digit of x?
2
Suppose -3*g - 9 = 0, -3*j - 5*g + 0*g + 3240 = 0. What is the hundreds digit of j?
0
Let u(c) = -126*c + 2. What is the hundreds digit of u(-3)?
3
Let u(b) = -b**2 + 20*b + 9. Let k be u(15). Suppose -k = -p + 17. What is the units digit of p?
1
Suppose f = -v + 608 + 45, 5*f + 2*v = 3265. What is the units digit of f?
3
Suppose -2*b + 3*c = -4*b - 317, -5*b = -5*c + 730. Let f = b - -273. What is the hundreds digit of f?
1
Let b(r) = 11*r**2 - 7